18927 is divided by 453?
354
What is the remainder when 1856 is divided by 1607?
249
What is the remainder when 1722 is divided by 381?
198
Calculate the remainder when 6514 is divided by 739.
602
Calculate the remainder when 1921739 is divided by 12.
11
What is the remainder when 7564 is divided by 852?
748
Calculate the remainder when 112213 is divided by 332.
329
Calculate the remainder when 6850 is divided by 898.
564
Calculate the remainder when 15210 is divided by 325.
260
Calculate the remainder when 153 is divided by 109.
44
Calculate the remainder when 2573 is divided by 15.
8
What is the remainder when 7035 is divided by 1195?
1060
What is the remainder when 176769 is divided by 523?
518
Calculate the remainder when 97033 is divided by 478.
477
What is the remainder when 1930 is divided by 223?
146
What is the remainder when 763 is divided by 369?
25
What is the remainder when 17699 is divided by 423?
356
Calculate the remainder when 39400 is divided by 30.
10
Calculate the remainder when 2088498 is divided by 37.
33
Calculate the remainder when 1317 is divided by 66.
63
What is the remainder when 8974 is divided by 256?
14
What is the remainder when 7192 is divided by 1773?
100
Calculate the remainder when 3814 is divided by 104.
70
Calculate the remainder when 124861 is divided by 31196.
77
What is the remainder when 25546 is divided by 17?
12
What is the remainder when 27067 is divided by 696?
619
What is the remainder when 309 is divided by 124?
61
Calculate the remainder when 3121 is divided by 64.
49
What is the remainder when 6597 is divided by 6525?
72
What is the remainder when 9360 is divided by 427?
393
Calculate the remainder when 37409 is divided by 1781.
8
What is the remainder when 81665 is divided by 97?
88
What is the remainder when 350 is divided by 105?
35
Calculate the remainder when 1086 is divided by 819.
267
Calculate the remainder when 589 is divided by 171.
76
Calculate the remainder when 43103 is divided by 285.
68
What is the remainder when 3973 is divided by 192?
133
Calculate the remainder when 159183 is divided by 3061.
11
Calculate the remainder when 19448 is divided by 10.
8
What is the remainder when 5896 is divided by 1018?
806
Calculate the remainder when 33925 is divided by 11304.
13
What is the remainder when 5550 is divided by 899?
156
What is the remainder when 55250 is divided by 666?
638
What is the remainder when 6543 is divided by 283?
34
Calculate the remainder when 43713 is divided by 262.
221
Calculate the remainder when 2007 is divided by 333.
9
What is the remainder when 129113 is divided by 22?
17
What is the remainder when 142020 is divided by 95?
90
What is the remainder when 31293 is divided by 569?
567
Calculate the remainder when 19755 is divided by 596.
87
What is the remainder when 711 is divided by 99?
18
Calculate the remainder when 139094 is divided by 1046.
1022
Calculate the remainder when 41228 is divided by 62.
60
Calculate the remainder when 53118 is divided by 166.
164
Calculate the remainder when 43622 is divided by 56.
54
Calculate the remainder when 5938291 is divided by 101.
97
What is the remainder when 17683 is divided by 3534?
13
What is the remainder when 335100 is divided by 716?
12
Calculate the remainder when 137566 is divided by 68782.
2
What is the remainder when 2747 is divided by 249?
8
What is the remainder when 8424 is divided by 4199?
26
What is the remainder when 316082 is divided by 46?
16
What is the remainder when 2324 is divided by 715?
179
What is the remainder when 1134477 is divided by 16?
13
What is the remainder when 1737 is divided by 675?
387
What is the remainder when 646228 is divided by 1857?
1849
Calculate the remainder when 602 is divided by 236.
130
Calculate the remainder when 20252 is divided by 28.
8
Calculate the remainder when 360 is divided by 258.
102
Calculate the remainder when 6853 is divided by 6802.
51
Calculate the remainder when 7635 is divided by 703.
605
Calculate the remainder when 36176 is divided by 458.
452
Calculate the remainder when 60920 is divided by 15221.
36
Calculate the remainder when 69223 is divided by 653.
5
What is the remainder when 35753 is divided by 206?
115
What is the remainder when 28908 is divided by 7227?
0
Calculate the remainder when 730408 is divided by 730397.
11
Calculate the remainder when 3632 is divided by 3259.
373
Calculate the remainder when 2895 is divided by 1269.
357
Calculate the remainder when 46551 is divided by 74.
5
Calculate the remainder when 19413 is divided by 10.
3
Calculate the remainder when 807 is divided by 169.
131
What is the remainder when 4366 is divided by 1078?
54
What is the remainder when 2925 is divided by 12?
9
Calculate the remainder when 6803 is divided by 200.
3
What is the remainder when 2825 is divided by 177?
170
Calculate the remainder when 12790 is divided by 6385.
20
Calculate the remainder when 6409542 is divided by 22.
18
Calculate the remainder when 114375 is divided by 11.
8
What is the remainder when 2883 is divided by 289?
282
Calculate the remainder when 414475 is divided by 60.
55
What is the remainder when 476451 is divided by 20?
11
Calculate the remainder when 12855 is divided by 1157.
128
Calculate the remainder when 2044 is divided by 71.
56
What is the remainder when 807 is divided by 652?
155
What is the remainder when 3576 is divided by 893?
4
Calculate the remainder when 72521 is divided by 7.
1
What is the remainder when 10651 is divided by 8?
3
Calculate the remainder when 79384 is divided by 315.
4
What is the remainder when 1628 is divided by 83?
51
Calculate the remainder when 22004 is divided by 18.
8
What is the remainder when 8043 is divided by 888?
51
What is the remainder when 3366 is divided by 261?
234
Calculate the remainder when 869496 is divided by 185.
181
What is the remainder when 4910 is divided by 794?
146
Calculate the remainder when 1234 is divided by 394.
52
What is the remainder when 107112 is divided by 1575?
12
What is the remainder when 193791 is divided by 113?
109
Calculate the remainder when 418410 is divided by 149.
18
What is the remainder when 676152 is divided by 84518?
8
What is the remainder when 89146 is divided by 239?
238
What is the remainder when 14622 is divided by 1436?
262
Calculate the remainder when 464045 is divided by 81.
77
Calculate the remainder when 2795 is divided by 85.
75
What is the remainder when 20744 is divided by 346?
330
What is the remainder when 2660 is divided by 656?
36
Calculate the remainder when 3451 is divided by 173.
164
What is the remainder when 1845 is divided by 459?
9
Calculate the remainder when 62238 is divided by 67.
62
What is the remainder when 12136 is divided by 933?
7
Calculate the remainder when 33376 is divided by 16662.
52
What is the remainder when 66041 is divided by 2639?
66
Calculate the remainder when 229961 is divided by 1870.
1821
What is the remainder when 2043 is divided by 1847?
196
What is the remainder when 1895 is divided by 337?
210
Calculate the remainder when 1053 is divided by 74.
17
Calculate the remainder when 289618 is divided by 328.
322
Calculate the remainder when 8234 is divided by 111.
20
What is the remainder when 189154 is divided by 63044?
22
What is the remainder when 106693 is divided by 8205?
28
Calculate the remainder when 21018 is divided by 777.
39
What is the remainder when 5363 is divided by 282?
5
What is the remainder when 12535 is divided by 16?
7
Calculate the remainder when 9135 is divided by 430.
105
Calculate the remainder when 285627 is divided by 23.
13
Calculate the remainder when 4680179 is divided by 90.
89
What is the remainder when 207741 is divided by 29?
14
Calculate the remainder when 1135 is divided by 63.
1
Calculate the remainder when 2287 is divided by 290.
257
What is the remainder when 397 is divided by 94?
21
Calculate the remainder when 4682277 is divided by 358.
353
What is the remainder when 34108 is divided by 77?
74
Calculate the remainder when 4282 is divided by 27.
16
What is the remainder when 51389 is divided by 17?
15
What is the remainder when 3058 is divided by 2?
0
What is the remainder when 33550 is divided by 141?
133
What is the remainder when 8034 is divided by 403?